 (8 - -2 - 13) - -6).
-23
What is 2666 + -2711 + (-77 - -7)?
-115
Evaluate 67 - -1 - (-37 - -36 - (-4 - -6)).
71
Calculate -11 - (-21 - -48 - 80).
42
-198 - -227 - (2 - -61)
-34
Calculate (16 - 28) + 83 + (-2 + (-4 - -3) - -9).
77
Evaluate 255 + -272 + 8 + 65.
56
What is the value of 5 + (2 - -1) + 22 + -29 + 10?
11
What is the value of -2 - -36 - (810 + -797)?
21
What is -136 + 342 + -197 - (0 - (1 + -9))?
1
Calculate 3 + -6 + (45 - (8 - 20)) + -9.
45
Calculate (-11 - -22 - (23 - 5)) + -6.
-13
Evaluate -28 + 29 - (75 + -12).
-62
(254 - 251) + (-4 - -14) + -4 + -4 - 27
-22
Calculate 20 - ((-3 - -22) + -52 + -12).
65
What is 121 + -103 - (73 + -6) - 37?
-86
What is -43 + 12 - -17 - -16 - (-3 + 35)?
-30
What is the value of -2 + (-14 - (-17 - 13)) + (-66 - -1)?
-51
What is 96 - -1 - (40 - (43 + 26) - (-35 - 5))?
86
What is (0 + 1 - 62) + -91 + 10 + 92?
-50
6 - -7 - 7 - -2 - 4 - -24
28
Evaluate (36 - (27 - -23)) + 55.
41
Evaluate 12 + -1 - 36 - -14 - -15 - -6.
10
What is the value of -23 - ((-241 - -254) + (-5 - (0 + 8 + -3)))?
-26
What is the value of -1 + 4 + 33 + (-8 + -4 - 2)?
22
Calculate 8 + 1 - (5 + -10) - (9 + -46).
51
-4 - (287 - 115 - 90)
-86
Evaluate (-10 - (-13 - 43)) + (-6 - (3 - 7)).
44
What is 9 + -29 + (40 - 13) + -4?
3
(-2118 - -2090 - (16 + -1)) + 6
-37
What is the value of 102 + (-193 - (17 - 76))?
-32
Evaluate -3 - (43 + 18 + -21).
-43
What is 103 + -93 + (-3 - (-2 + (2 - 5)))?
12
What is 12 - ((-19 + (-1 - -11) - (-28 - -7)) + -12)?
12
What is -33 + 1 + -2500 + 2569?
37
What is (14 - 8) + -42 - -17 - 4?
-23
Evaluate 9 - (-84 - (-8 - -10)) - ((15 - 15) + 7).
88
What is 21 - (-2 + -33 + 117 + -17 + -90)?
46
143 + 98 + -197 - (-2 + 4 + -1 + -7)
50
Evaluate 2 + -25 + (-48 - -74).
3
Calculate 2 - ((6 + -4 - -25) + -53 + 45).
-17
Calculate (32 - (24 + -34 + -2)) + (-7 - 2).
35
Calculate 13 - ((35 - -6 - 29) + 3 + (10 - 1)).
-11
Evaluate -6 - -5 - (76 - 16 - 23).
-38
Evaluate (5 - 19) + -11 + (1 - 12 - (136 - 123)).
-49
40 - (-7 + -7 + (22 + -16 - (-2 - 1)))
45
Evaluate (-73 - -12) + 80 + 1 + -66.
-46
What is the value of 15 - 0 - (36 + (41 - 21))?
-41
Evaluate -9 + 0 - ((11 - (2 - -1)) + -5 + 0).
-12
What is 5 + (-9 - ((-5 - -1) + 15 - (29 - 60)))?
-46
Calculate (9 - 37 - 15) + (31 - 7).
-19
What is the value of (-10 - -51) + -62 + -10 - -24?
-7
What is the value of 2 + 4 + -19 + (28 - 33) + 16 - -70?
68
Calculate (-47 - -34 - -25) + 9.
21
Evaluate (-2 - (76 + -4)) + (185 - 168).
-57
(-42 - 2) + 10 + 5 + 15
-14
Evaluate 589 + -576 + 30 + 0.
43
-6 + -7 - (-105 + 121 + (-52 - 0))
23
Evaluate -33 - (-99 - (-77 - -23)).
12
Calculate (32 - 11) + -109 + (1 - -14) - (-4 - 10).
-59
Calculate 14 + (-11 - (-19 + 10 + 1)).
11
What is the value of 18 - (17 - (74 + -61))?
14
What is -35 + -18 + (84 - 61)?
-30
Evaluate (-6 + (20 - (10 - 0) - 0) - 93) + -7.
-96
What is (15 - (140 - 39)) + 25 - 30?
-91
What is the value of 2 + -56 + (725 - 691) - (-39 + -1)?
20
Evaluate 3 - -3 - (23 + (19 - 42)) - -24.
30
What is the value of (-5 - 0) + -168 + 188 - (6 + 46)?
-37
Calculate 7 + -121 + 185 - (0 - -1 - (12 - 4)).
78
Calculate (28 - 1) + -1 + -26 + (34 - 12) + -3.
19
Calculate (298 - 309) + 0 + -53 - -21.
-43
-27 - (10 + (-2 - 2) + 15 + -23 + 9)
-34
What is (-13 - (-48 + -46)) + -54?
27
Evaluate 3 - (26 + -25) - (-1 + -15).
18
Evaluate (33 - 0) + 38 + -138 - -17.
-50
-2 + 15 + -11 + 8 + -8 + -14
-12
(1 - 1) + (0 - 8) - (8842 + -8874)
24
What is -8 + (27 - 83 - -55)?
-9
What is the value of 14 + (-19 - (16 + -159 + 3)) + -21?
114
What is (3 - (-74 + 83)) + (-1 + 4 - -45)?
42
Calculate -169 + (-1 - -32) + -9 + 15.
-132
Evaluate -77 + (46 - -31) - (4 + 11).
-15
Evaluate -2 + 4 - ((13 - 2) + 0 + 943 + -937).
-15
-32 - (-24 - 10 - -45)
-43
What is 164 - (-89 + 245) - (-70 + 1)?
77
Calculate 2 - 4 - (-3 - (7 - 10)) - -12.
10
-3 + 11 + -3 + -2 + (-26 - (-15 + 7))
-15
(-5 - (20 - 7)) + 7 + (3 - -2)
-6
What is (11 - (-14 + 39)) + (-13 - -6 - (2 - 0))?
-23
What is the value of (-16 + 15 - 5 - (-33 + -5)) + -8?
24
Calculate (-58 - -1) + -147 + 215.
11
Calculate -5 + -4 + (34 - 17) + 1 + -9.
0
What is -2 + 202 - (765 - 694)?
129
-73 + 99 - -77 - 121
-18
Evaluate 4 + -16 - (72 + (-6 + -10 - -9)).
-77
((10 - -10) + -1 - -2) + -17
4
What is the value of -8 + 6 + 4 + (-3 - (10 - 4))?
-7
Evaluate -6 + (-14 - -7) + 49 + -18.
18
Calculate -118 + 86 - (-33 - -1) - (-6 - -3 - -74).
-71
Calculate 1 - (-13 + (23 - 11) + -4) - -12.
18
Evaluate -5 + 8 + -4 + 26 + (13 - (16 - 14)).
36
What is the value of -1 - ((-4 - (20 + -11 - 20) - -57) + -4)?
-61
(53 - (83 + -58)) + (9 - -8)
45
-6 + 16 + -7 + -13 + -3
-13
What is 34 - (-3 + (4 - 19)) - (9 - 0)?
43
Evaluate (3 - 11) + -18 + -40 + -112 + 43.
-135
What is the value of (-2 - -1 - -1) + (-1100 - -1160) + -10?
50
What is the value of -47 - ((12 - 71) + 7)?
5
What is the value of 81 + (11 - -5 - 1 - 15)?
81
Calculate (0 - 20) + 0 + (42 - 36) - 30.
-44
What is 103 - 85 - (1 + 4 - 27)?
40
104 - (1 + 13 + (-13 - 1)) - -2
106
-10 + 1 + (-1 + 13 - (-17 - (-2 - 19)))
-1
-69 - (-70 - -11 - 25)
15
Evaluate (-31 - (28 - 76)) + -3 + 9.
23
Evaluate (-123 - 1) + (-26 + -5 - -59 - 37).
-133
What is the value of 27 + 9 + (-14 - -7) + -15?
14
What is the value of 1 + -1 + 0 + -126 + -83 + 231?
22
What is the value of -35 + 24 - (6 + -13 + 5 + 0)?
-9
Calculate -45 + 30 + 81 - ((0 - -2) + 0).
64
What is -12 + (-428 - -421 - (-2 - (-3 + 2)))?
-18
Evaluate 22 + (4 + (2 - (1 - -2)) - (-14580 - -14579)).
26
What is the value of (-39 - -13) + 55 - -17?
46
-22 + (-6 + -2 - 3) + (-6 - 4) - -2
-41
What is 4 + -3 - (-10 + 65) - (46 + -44)?
-56
Evaluate -1838 + 1830 + 2 + -17 + 12 + -10 + 1.
-20
Calculate -89 - (16 + (28 - 63) + 10 - (-3 + 1)).
-82
Calculate -41 - (-62 + 50) - -9.
-20
What is (19 - 1) + (22 - 33) + (4 - (27 + -2))?
-14
827 + -884 - (-97 - -6)
34
What is -190 + -7 + (34 - -14) - -29?
-120
(-38 - -22) + 1 + (-11 - -4) + 55
33
Evaluate -21 - (17 + -23 - -6) - -9.
-12
745 - 743 - (99 + -6 + 3)
-94
6 - (-85 - -79 - (2 + -10))
4
What is the value of -2 + (2 - (7 - 8)) + (-29 - -9 - -12)?
-7
What is the value of 10 + (-6 + -2 + 11 - -4) + 14?
31
What is 21 - 41 - -94 - 71?
3
What is the value of (-96 - -168) + 5 + (3 - 4) + -4?
72
What is the value of -6 - 103 - 4 - (11 - 25 - -32)?
-131
Evaluate -15 - ((-39 + 16 - -10) + 11 - 32).
19
What is -155 - -192 - (2 - (7 - (1 + 3)))?
38
Evaluate (-7073 - -7022) + 84 + 2.
35
Calculate 10 - 1 - (-49 - (-184 + 52)).
-74
Calculate -74 - (-61 - -32) - ((-3 - (5 - -2)) + 22).
-57
Calculate -15 - 1 - (-158 + 136 + 45).
-39
What is the value of -177 - -48 - -63 - -24?
-42
What is the value of (-15 - (-31 + 31 - (-4 + 13))) + 4?
-2
Evaluate -28 + (20 - -2) + -24 - 2.
-32
Evaluate 10 + 48 + -2 - -45 - 28.
73
Calculate (3 - 16) + -11 + -35 + 3.
-56
What is (-2 + 2 - 2) + 56 + -112 + -372 + 386?
-44
Evaluate 31 + (21 - 13) + -36.
3
116 + 0 + -1 + 2 + -7 + (-216 - -213)
107
What is 6 - ((-277 - -325) + -2 + 7)?
-47
Evaluate -19 + 0 - ((159 - 85) + -54).
-39
What is -20 - 9 - (-5 - (18 + 15))?
9
What is (7 - 1) + -31 + -3 + 6 + (-1 - 7)?
-30
What is -20 - -22 - (19 - 1 - -1)?
-17
Evaluate 10 + 1 + (-18 - (-11 - 24)) + -1.
27
What is the value of 12 + -56 - (-126 - -15)?
67
Calculate -168 + -60 + 190 - (0 + -15).
-23
Evaluate -8 - (15 - (6 + -30 + -6)).
-53
What is the value of (81 - 163) + 75 - ((0 - 1) + -6)?
0
What is -47 - 15 - (-119 - -120)?
-63
Evaluate (1 + 8 - (-1 + (10 - 5)) - -5) + 17.
27
Evaluate 21 - (-2 - 4 - 0) - (5 + (2 - 14)).
34
Calculate (-28 - -10) + 15 + -32.
-35
What is the value of (-1645 - -1475) + (94 - -1)?
-75
Evaluate 36 + (13 - 33) + -5 + 51 + 9.
71
What is (21 - 47 - -17) + -67 + (1 - (2 - 11))?
-66
Evaluate 3 + -4 + -5 + (27 - 78).
-57
What is (-1 - 28) + 17 + (6 - (16 + -1)) + 8?
-13
What is the value of -366 - -243 - (22 + -120)?
-25
What is the value of 16 + (-7 - -3) + (53 - (9 + -12 - 4))?
72
16 + (2 - (5 + 1 - 2)) - 71
-57
What is the value of 104 + -142 + (-44 - -40)?
-42
Evaluate -5 - ((-113 - -60 - -42) + -2 + 86 + 0).
-78
Calculate (-132 - -93) + (-9 - -17) - (-15 - -1).
-17
What is -157 + (204 - (-68 - -147))?
-32
Evaluate 90 + -94 - ((-5 - -17) + -4).
-12
Evaluate 36 + (44 - (92 + 65 + -36)).
-41
What is 13 - (-2 + 0 - (4 + (3 - 17)))?
5
What is (-45 - (17 - 58)) + (2 + 4